44 - 34. Calculate the remainder when 139 is divided by a.
9
Suppose l - 8 = 1. Suppose r + 3 = l. Let o = -62 - -71. What is the remainder when o is divided by r?
3
Let v(l) = 2*l**3 - l**2 - 13*l + 14. Suppose 4*d - 36 = -5*d. What is the remainder when v(d) is divided by 15?
14
Suppose -1 + 3 = 2*z - 4*u, 3*z - 2*u = 23. Let m = -344 + 512. Suppose 0 = -5*k - 8 + m. Calculate the remainder when k is divided by z.
10
Let i(y) = 3*y - 3. Let p be i(-4). Calculate the remainder when 39 is divided by (-1)/(-3) - 340/p.
16
Let r = -616 + 680. Calculate the remainder when 190 is divided by r.
62
Suppose 7*h + 588 = 14*h. Suppose -h = 7*i - 13*i. What is the remainder when 26 is divided by i?
12
Suppose -216*w - 671 = -3*q - 215*w, 3*q - 673 = 2*w. Calculate the remainder when q is divided by 80.
63
Let z = 12313 - 12278. Suppose -4 = -4*h - 0, 3*u - 52 = 2*h. What is the remainder when z is divided by u?
17
Let c be 3/((-182)/60 + 3). Let v = 4 - c. Calculate the remainder when v is divided by 33 + -2 + 5 + -4.
30
Calculate the remainder when 1399 is divided by 190/(-57)*(-135)/25.
13
Calculate the remainder when 699 is divided by (-324)/4*(8/(-6))/2.
51
Let c(w) = -2*w - 6. Let r be c(-4). What is the remainder when 80 is divided by 9*r/((-6)/(-9))?
26
Suppose -46*t = -41*t - 365. What is the remainder when t is divided by 15?
13
Suppose -3*v = -0*w - 5*w + 278, -2*w = -2*v - 108. What is the remainder when 636 is divided by w?
56
Let u be (0 - 6)*3/(-9). Suppose -u*k - 1 = -k. Calculate the remainder when k*26/(-1 - 1) is divided by 7.
6
Suppose 3*z + 2*z = 0. Suppose 11 = l + 2*u, -2*l - 2*u + z = -14. Suppose 3*k + 4*y = 55 - 13, -3*k = -y - 27. What is the remainder when k is divided by l?
1
Suppose 3*m - 131 = -0*x - 2*x, -4*m + 5*x + 190 = 0. Calculate the remainder when 131 is divided by m.
41
Let m(y) = 2*y - 5*y + 9 + 5*y + 3*y. Calculate the remainder when (-10)/(-6)*1*9 is divided by m(0).
6
Let s(d) = 11*d - 4. Let n be s(-7). Let k = n + 86. What is the remainder when 16 is divided by k?
1
Calculate the remainder when 356 is divided by (10/(-20))/(2/(-248)).
46
Let p(f) = f**2 + f + 1. Let b(c) = 11*c**3 + 8*c**2 - 10*c - 10. What is the remainder when b(2) is divided by p(5)?
28
Suppose 0 = -4*o - 11 + 55. Suppose 211 = -5*r + 226. Calculate the remainder when o is divided by r.
2
Let j = -20 + 19. Let a(k) = -k**2 - 4*k + 4. Calculate the remainder when a(-4) is divided by 3*j/(-3) - -3.
0
Suppose o + 3*o - 340 = -4*v, 0 = o + 3*v - 81. Let m = -55 + o. Suppose -61 + 39 = -2*x. What is the remainder when m is divided by x?
10
Let u = 10 + -15. Let i(o) be the third derivative of -5*o**4/12 + o**3/6 + 14*o**2. Calculate the remainder when i(u) is divided by 18.
15
Let k = 1057 + -878. What is the remainder when k is divided by 20?
19
Let p = 664 + -649. Calculate the remainder when 130 is divided by p.
10
Let c = 10 + -4. Let p(m) = 8*m - 4. Let v(k) = -k**2 + 9*k - 9. What is the remainder when p(c) is divided by v(6)?
8
Let a(k) = -k**2 - 4*k - 2. Let d be a(6). Let q be (d/3)/(18/(-27)). Suppose -q*y + 28*y = -9. Calculate the remainder when 6 is divided by y.
0
Suppose -4*p + 30 = p. Let h be 4 - (2 - 3)*p. Suppose 2*t - l = h, t - 13 = 3*l + 2. Calculate the remainder when 9 is divided by t.
0
Let c(r) = -27*r - 358. What is the remainder when c(-14) is divided by 11/(0/(-1) + 1)?
9
Suppose -602*c = -607*c + 50. Calculate the remainder when c is divided by 5.
0
Calculate the remainder when 109 is divided by 17/((-238)/(-21))*40/6.
9
Suppose 0 = -a - 31 + 80. Suppose q - 23 + 6 = 0. Calculate the remainder when a is divided by q.
15
Suppose 0 = -3*r + 2*r + 3. Suppose -3*a + 31 = -5*d, a = 2*a - r*d - 9. Calculate the remainder when 34 is divided by a.
10
Suppose 3*a + 19 = -17. Calculate the remainder when (-112)/a*(0 - -3) is divided by 6.
4
Let w = -73 - -103. What is the remainder when 57 is divided by w?
27
Let q = 55 - 191. Suppose -5*h - 235 = -5*o - 65, 0 = -2*o. Let c = h - q. Calculate the remainder when c is divided by 26.
24
Suppose -3*l - 3*t = -315, 0 = -4*l + 2*t - 3*t + 435. Suppose -l - 142 = -4*y. What is the remainder when y is divided by 13?
11
Suppose -1364 = -37*b - 7*b. Calculate the remainder when 231 is divided by b.
14
Suppose 6*v = 4*v + 2*r + 150, -233 = -3*v + 5*r. What is the remainder when v is divided by 19?
14
Suppose 2*q - 28 = -5*d, d + 0*q + 3*q - 3 = 0. Suppose 3*g = 4*g + 1. What is the remainder when -46*g/2*1 is divided by d?
5
Let v(a) = -a**3 - a**2 - a + 2. Let c be v(-2). Suppose 3 = p + 2*o, 3*o = o - c. Let i = 259 - 217. What is the remainder when i is divided by p?
9
Let u(m) = m - 2. Let s be u(5). Let v = s - -39. Suppose -8 = -g + 3. What is the remainder when v is divided by g?
9
Let z(f) = f**2 + f - 2. Let b be z(-4). Suppose 55 = -5*s + b*s. What is the remainder when 19 is divided by s?
8
Suppose -4*a - 3*z = 7, 2*a + 17 = 3*a - 3*z. What is the remainder when a - ((-50)/5 + 0) is divided by 3?
0
Calculate the remainder when (-10)/(-4)*408/10 is divided by 3.
0
Let d = 159 - -72. Suppose -66 = -5*y - 3*j + 123, 0 = -y + j + 41. Calculate the remainder when d is divided by y.
36
Let p(v) = v + 24. Calculate the remainder when 10 is divided by p(-16).
2
Suppose 0 = -54*d + 51*d + 66. What is the remainder when 854 is divided by d?
18
Let y = 0 + 4. Suppose y = 5*g - 51. Suppose -t + 11 = -19. Calculate the remainder when t is divided by g.
8
Suppose -3*g + 2*g = -187. Suppose 0 = -3*v + 4*c + 196 + g, 2*v = 3*c + 254. What is the remainder when v is divided by 34?
31
Let a be -1 + (-7)/((-14)/(-4)). Suppose 0 = 2*i + 6, -i + 34 = 5*d + i. Calculate the remainder when (a - -4 - -33) + (0 - 3) is divided by d.
7
Suppose -3647*h + 21 = -3646*h. Calculate the remainder when 692 is divided by h.
20
Suppose 104 = n - 2*w - 79, -4*n = 3*w - 776. Suppose -2*c + 3*k = -28 - 45, -5*c = k - n. Suppose 60 = 5*u + u. What is the remainder when c is divided by u?
8
Let s(y) = -2*y + 4. Let h = -156 - -82. Let z = -11 - h. What is the remainder when z is divided by s(-6)?
15
Suppose 4*b - b - 249 = 0. Calculate the remainder when b is divided by (-140)/(-12) - (51/9 + -6).
11
Let c(q) = q**2 - 11*q - 294. Calculate the remainder when c(36) is divided by 19.
17
Suppose -333 = -4*y + 179. Calculate the remainder when y is divided by 42.
2
Let s(o) = 8*o**2 - 6*o - 7. Let t be s(-4). Suppose -t = -2*u - 3*u. Calculate the remainder when 112 is divided by u.
25
Suppose f + 10*f = 88. Calculate the remainder when 38 is divided by f.
6
Suppose -3*i + 6 = 3*j, -3 - 4 = i + 4*j. What is the remainder when 162 is divided by 38 + i/(-2)*2?
30
Suppose 13 = -n + 2*n. Let o(y) = -6*y + 1. Suppose -13 = -3*v - 25. What is the remainder when o(v) is divided by n?
12
Let r = -88 - -146. Let u(q) = q - 1. Let z be u(6). Suppose 2*h - 95 = -3*h - 4*t, z*h - 85 = -2*t. What is the remainder when r is divided by h?
13
Suppose p + 4*a + 11 = 6*p, -4*a = 3*p + 19. Let i = p - -1. Let h = 14 - i. What is the remainder when 26 is divided by h?
12
Let s(x) = -4*x - 7. Suppose 2*n + 3*n = -40. Calculate the remainder when s(n) is divided by 13.
12
Suppose 15*h = 2*p + 11*h - 10, 5*p - 3*h = 46. Calculate the remainder when 207 is divided by p.
9
Let n = -19 - -23. Suppose i - 155 = -n*i. What is the remainder when 61 is divided by i?
30
Suppose 3*l + 15 - 72 = -4*i, 5*i = 3*l - 30. Suppose -42 = -2*o + o. Calculate the remainder when o is divided by l.
12
Suppose -4*a + 176 = -180. What is the remainder when a is divided by 9?
8
Let b(l) = 2*l + 20. Suppose 4*s - 4 - 4 = 0. Suppose -2*z - i + 20 = -0*z, -s*i = -3*z + 37. What is the remainder when b(0) is divided by z?
9
Suppose 0 = 3*j + 21 + 12. Let p = j + 24. Suppose 5*d = 5*k + 145, -2*k + 84 = 4*d + 2*k. Calculate the remainder when d is divided by p.
12
Let a be -2 - (4 + -4) - 2. Let z(l) = -l**3 - l**2 + 8*l - 2. Calculate the remainder when z(a) is divided by 5.
4
Let x be 114/(-3)*(-2)/4. Let m = -42 + 56. Let h = x - m. What is the remainder when 12 is divided by h?
2
Let p(b) = -b**3 + 6*b**2 + 13*b + 4. Let k be 12/(9/(-3)) + 1. Calculate the remainder when p(7) is divided by 4*5/((-5)/k).
10
Let u = 537 + -421. What is the remainder when u is di